{"id":345,"date":"2025-03-02T17:39:27","date_gmt":"2025-03-02T16:39:27","guid":{"rendered":"https:\/\/www.serendipiaslibrosymas.es\/blog\/?post_type=tribe_events&#038;p=345"},"modified":"2025-03-02T17:39:27","modified_gmt":"2025-03-02T16:39:27","slug":"presentacion-las-ausencias-que-me-habitan-de-marina-medina","status":"publish","type":"tribe_events","link":"https:\/\/www.serendipiaslibrosymas.es\/blog\/evento\/presentacion-las-ausencias-que-me-habitan-de-marina-medina\/","title":{"rendered":"PRESENTACI\u00d3N \u00abLas ausencias que me habitan\u00bb de Marina Medina"},"content":{"rendered":"<p><img loading=\"lazy\" decoding=\"async\" class=\"alignnone size-medium wp-image-346\" src=\"https:\/\/www.serendipiaslibrosymas.es\/blog\/wp-content\/uploads\/2025\/03\/marina-8m-300x300.jpg\" alt=\"\" width=\"300\" height=\"300\" srcset=\"https:\/\/www.serendipiaslibrosymas.es\/blog\/wp-content\/uploads\/2025\/03\/marina-8m-300x300.jpg 300w, https:\/\/www.serendipiaslibrosymas.es\/blog\/wp-content\/uploads\/2025\/03\/marina-8m-1024x1024.jpg 1024w, https:\/\/www.serendipiaslibrosymas.es\/blog\/wp-content\/uploads\/2025\/03\/marina-8m-150x150.jpg 150w, https:\/\/www.serendipiaslibrosymas.es\/blog\/wp-content\/uploads\/2025\/03\/marina-8m-768x768.jpg 768w, https:\/\/www.serendipiaslibrosymas.es\/blog\/wp-content\/uploads\/2025\/03\/marina-8m.jpg 1080w\" sizes=\"auto, (max-width: 300px) 100vw, 300px\" \/><\/p>\n<p>La novela aborda un tema de hondo calado social como es la <strong>dificultad para concebir en la sociedad actual, las p\u00e9rdidas gestacionales,<\/strong>\u00a0las diferentes formas de vivir la maternidad y el duelo por la p\u00e9rdida de una hija nacida muerta.\u00a0La protagonista pierde a su hija cuando a\u00fan est\u00e1 gest\u00e1ndose y este hecho desencadena un duelo personal para la madre pero tambi\u00e9n familiar, ya que todos los miembros de la familia de la protagonistas se ven afectados y reaccionar\u00e1n de manera muy diferente.<\/p>\n<p>&nbsp;<\/p>\n<p>Aunque este es el tema principal -el de los abortos no deseados y el\u00a0<strong>desamparo de las madres tanto a nivel sanitario como legal\u00a0<\/strong>por la corta baja laboral que esto tiene actualmente- la novela plantea otras cuestiones como el miedo, las relaciones de pareja, las presiones que sufren las mujeres\u00a0para que sean madres, etc.<\/p>\n","protected":false},"excerpt":{"rendered":"<p>La novela aborda un tema de hondo calado social como es la dificultad para concebir en la sociedad actual, las p\u00e9rdidas gestacionales,\u00a0las diferentes formas de vivir la maternidad y el&hellip; <a class=\"more-link\" href=\"https:\/\/www.serendipiaslibrosymas.es\/blog\/evento\/presentacion-las-ausencias-que-me-habitan-de-marina-medina\/\">Continue reading <span class=\"screen-reader-text\">PRESENTACI\u00d3N \u00abLas ausencias que me habitan\u00bb de Marina Medina<\/span><\/a><\/p>\n","protected":false},"author":4,"featured_media":346,"template":"","meta":{"_tribe_events_status":"","_tribe_events_status_reason":"","footnotes":""},"tags":[32],"tribe_events_cat":[31],"class_list":["post-345","tribe_events","type-tribe_events","status-publish","has-post-thumbnail","hentry","tag-presentacion","tribe_events_cat-presentacion","cat_presentacion","entry"],"_links":{"self":[{"href":"https:\/\/www.serendipiaslibrosymas.es\/blog\/wp-json\/wp\/v2\/tribe_events\/345","targetHints":{"allow":["GET"]}}],"collection":[{"href":"https:\/\/www.serendipiaslibrosymas.es\/blog\/wp-json\/wp\/v2\/tribe_events"}],"about":[{"href":"https:\/\/www.serendipiaslibrosymas.es\/blog\/wp-json\/wp\/v2\/types\/tribe_events"}],"author":[{"embeddable":true,"href":"https:\/\/www.serendipiaslibrosymas.es\/blog\/wp-json\/wp\/v2\/users\/4"}],"version-history":[{"count":1,"href":"https:\/\/www.serendipiaslibrosymas.es\/blog\/wp-json\/wp\/v2\/tribe_events\/345\/revisions"}],"predecessor-version":[{"id":347,"href":"https:\/\/www.serendipiaslibrosymas.es\/blog\/wp-json\/wp\/v2\/tribe_events\/345\/revisions\/347"}],"wp:featuredmedia":[{"embeddable":true,"href":"https:\/\/www.serendipiaslibrosymas.es\/blog\/wp-json\/wp\/v2\/media\/346"}],"wp:attachment":[{"href":"https:\/\/www.serendipiaslibrosymas.es\/blog\/wp-json\/wp\/v2\/media?parent=345"}],"wp:term":[{"taxonomy":"post_tag","embeddable":true,"href":"https:\/\/www.serendipiaslibrosymas.es\/blog\/wp-json\/wp\/v2\/tags?post=345"},{"taxonomy":"tribe_events_cat","embeddable":true,"href":"https:\/\/www.serendipiaslibrosymas.es\/blog\/wp-json\/wp\/v2\/tribe_events_cat?post=345"}],"curies":[{"name":"wp","href":"https:\/\/api.w.org\/{rel}","templated":true}]}}

PRESENTACIÓN «Las ausencias que me habitan» de Marina Medina

<p><img loading="lazy" decoding="async" class="alignnone size-medium wp-image-346" src="https://www.serendipiaslibrosymas.es/blog/wp-content/uploads/2025/03/marina-8m-300x300.jpg" alt="" width="300" height="300" srcset="https://www.serendipiaslibrosymas.es/blog/wp-content/uploads/2025/03/marina-8m-300x300.jpg 300w, https://www.serendipiaslibrosymas.es/blog/wp-content/uploads/2025/03/marina-8m-1024x1024.jpg 1024w, https://www.serendipiaslibrosymas.es/blog/wp-content/uploads/2025/03/marina-8m-150x150.jpg 150w, https://www.serendipiaslibrosymas.es/blog/wp-content/uploads/2025/03/marina-8m-768x768.jpg 768w, https://www.serendipiaslibrosymas.es/blog/wp-content/uploads/2025/03/marina-8m.jpg 1080w" sizes="auto, (max-width: 300px) 100vw, 300px" /></p>
<p>La novela aborda un tema de hondo calado social como es la <strong>dificultad para concebir en la sociedad actual, las pérdidas gestacionales,</strong> las diferentes formas de vivir la maternidad y el duelo por la pérdida de una hija nacida muerta. La protagonista pierde a su hija cuando aún está gestándose y este hecho desencadena un duelo personal para la madre pero también familiar, ya que todos los miembros de la familia de la protagonistas se ven afectados y reaccionarán de manera muy diferente.</p>
<p>&nbsp;</p>
<p>Aunque este es el tema principal -el de los abortos no deseados y el <strong>desamparo de las madres tanto a nivel sanitario como legal </strong>por la corta baja laboral que esto tiene actualmente- la novela plantea otras cuestiones como el miedo, las relaciones de pareja, las presiones que sufren las mujeres para que sean madres, etc.</p>

<p>La novela aborda un tema de hondo calado social como es la dificultad para concebir en la sociedad actual, las pérdidas gestacionales, las diferentes formas de vivir la maternidad y el&hellip; <a class="more-link" href="https://www.serendipiaslibrosymas.es/blog/evento/presentacion-las-ausencias-que-me-habitan-de-marina-medina/">Continue reading <span class="screen-reader-text">PRESENTACIÓN «Las ausencias que me habitan» de Marina Medina</span></a></p>
